{"id":518,"date":"2025-03-24T10:25:01","date_gmt":"2025-03-24T09:25:01","guid":{"rendered":"https:\/\/www.le-louis-12.fr\/?page_id=518"},"modified":"2025-09-10T16:58:43","modified_gmt":"2025-09-10T14:58:43","slug":"cartes-eng-esp","status":"publish","type":"page","link":"https:\/\/www.le-louis-12.fr\/index.php\/cartes-eng-esp\/","title":{"rendered":"Cartes"},"content":{"rendered":"\t\t<div data-elementor-type=\"wp-page\" data-elementor-id=\"518\" class=\"elementor elementor-518\" data-elementor-settings=\"[]\">\n\t\t\t\t\t\t\t<div class=\"elementor-section-wrap\">\n\t\t\t\t\t\t\t<section class=\"elementor-section elementor-top-section elementor-element elementor-element-ea44e2a elementor-section-boxed elementor-section-height-default elementor-section-height-default\" data-id=\"ea44e2a\" data-element_type=\"section\">\n\t\t\t\t\t\t<div class=\"elementor-container elementor-column-gap-default\">\n\t\t\t\t\t<div class=\"elementor-column elementor-col-100 elementor-top-column elementor-element elementor-element-395d27f\" data-id=\"395d27f\" data-element_type=\"column\">\n\t\t\t<div class=\"elementor-widget-wrap elementor-element-populated\">\n\t\t\t\t\t\t\t\t<div class=\"elementor-element elementor-element-244494d elementor-widget elementor-widget-premium-addon-tabs\" data-id=\"244494d\" data-element_type=\"widget\" data-settings=\"{&quot;premium_tabs_repeater&quot;:[{&quot;_id&quot;:&quot;92d0791&quot;,&quot;premium_tabs_icon_switcher&quot;:&quot;&quot;,&quot;premium_tabs_title&quot;:&quot;English&quot;,&quot;premium_tabs_content&quot;:&quot;elementor_templates&quot;,&quot;premium_tabs_content_temp&quot;:&quot;English&quot;,&quot;icon_type&quot;:null,&quot;premium_tabs_icon_updated&quot;:null,&quot;image_upload&quot;:null,&quot;lottie_url&quot;:null,&quot;lottie_loop&quot;:null,&quot;lottie_reverse&quot;:null,&quot;premium_tabs_content_text&quot;:null,&quot;custom_tab_navigation&quot;:&quot;&quot;},{&quot;premium_tabs_icon_switcher&quot;:&quot;&quot;,&quot;premium_tabs_title&quot;:&quot;Espanol&quot;,&quot;_id&quot;:&quot;d22f093&quot;,&quot;premium_tabs_content&quot;:&quot;elementor_templates&quot;,&quot;premium_tabs_content_temp&quot;:&quot;Espanol&quot;,&quot;icon_type&quot;:null,&quot;premium_tabs_icon_updated&quot;:null,&quot;image_upload&quot;:null,&quot;lottie_url&quot;:null,&quot;lottie_loop&quot;:null,&quot;lottie_reverse&quot;:null,&quot;premium_tabs_content_text&quot;:null,&quot;custom_tab_navigation&quot;:&quot;&quot;}],&quot;default_tab_index&quot;:0}\" data-widget_type=\"premium-addon-tabs.default\">\n\t\t\t\t<div class=\"elementor-widget-container\">\n\t\t\t\t\t\t<div class=\"premium-tabs-container\">\n\t\t\t\t<section class=\"premium-tabs-section\">\n\t\t\t\t\t<div id=\"premium-tabs-244494d\" class=\"premium-tabs premium-tabs-style-tzoid premium-tabs-horizontal\">\n\t\t\t\t\t\t<div class=\"premium-tabs-nav\">\n\t\t\t\t\t\t\t<ul class=\"premium-tabs-nav-list premium-tabs-horizontal\">\n\t\t\t\t\t\t\t\t\t\t\t\t\t\t\t\t\t<li class=\"premium-tabs-nav-list-item\" data-list-index=\"0\" data-content-id=\"#premium-accordion-content-0\">\n\t\t\t\t\t\t\t\t\t\t<a class=\"premium-tab-link\" href=\"#\/section-tzoid-0-244494d\">\n\n\t\t\t\t\t\t\t\t\t\t\t\t\t\t\t\t\t\t\t\t\t\t\t<span class=\"premium-tab-title\">\n\t\t\t\t\t\t\t\t\t\t\t\t\tEnglish\t\t\t\t\t\t\t\t\t\t\t\t<\/span>\n\t\t\t\t\t\t\t\t\t\t\t\t\t\t\t\t\t\t\t\t\t<\/a>\n\t\t\t\t\t\t\t\t\t<\/li>\n\t\t\t\t\t\t\t\t\t\t\t\t\t\t\t\t\t\t\t\t\t\t\t\t\t\t<li class=\"premium-tabs-nav-list-item\" data-list-index=\"1\" data-content-id=\"#premium-accordion-content-1\">\n\t\t\t\t\t\t\t\t\t\t<a class=\"premium-tab-link\" href=\"#\/section-tzoid-1-244494d\">\n\n\t\t\t\t\t\t\t\t\t\t\t\t\t\t\t\t\t\t\t\t\t\t\t<span class=\"premium-tab-title\">\n\t\t\t\t\t\t\t\t\t\t\t\t\tEspanol\t\t\t\t\t\t\t\t\t\t\t\t<\/span>\n\t\t\t\t\t\t\t\t\t\t\t\t\t\t\t\t\t\t\t\t\t<\/a>\n\t\t\t\t\t\t\t\t\t<\/li>\n\t\t\t\t\t\t\t\t\t\t\t\t\t\t\t\t\t\t\t\t\t\t\t\t<\/ul>\n\t\t\t\t\t\t<\/div>\n\n\t\t\t\t\t\t<div class=\"premium-content-wrap premium-tabs-horizontal\">\n\t\t\t\t\t\t\t\n\t\t\t\t\t\t\t\t<section id=\"section-tzoid-0-244494d\" class=\"premium-tabs-content-section\">\n\t\t\t\t\t\t\t\t\t<div class=\"premium-tab-content\">\n\t\t\t\t\t\t\t\t\t\t<div class=\"premium-content-wrap-inner\">\n\t\t\t\t\t\t\t\t\t\t\t<style>.elementor-575 .elementor-element.elementor-element-9d82986{--e-image-carousel-slides-to-show:1;}<\/style>\t\t<div data-elementor-type=\"section\" data-elementor-id=\"575\" class=\"elementor elementor-575\" data-elementor-settings=\"[]\">\n\t\t<div class=\"elementor-section-wrap\">\n\t\t\t\t\t<section class=\"elementor-section elementor-top-section elementor-element elementor-element-c9a7c1f elementor-section-boxed elementor-section-height-default elementor-section-height-default\" data-id=\"c9a7c1f\" data-element_type=\"section\">\n\t\t\t\t\t\t<div class=\"elementor-container elementor-column-gap-default\">\n\t\t\t\t\t<div class=\"elementor-column elementor-col-100 elementor-top-column elementor-element elementor-element-601f9b6\" data-id=\"601f9b6\" data-element_type=\"column\">\n\t\t\t<div class=\"elementor-widget-wrap elementor-element-populated\">\n\t\t\t\t\t\t\t\t<div class=\"elementor-element elementor-element-9d82986 elementor-arrows-position-inside elementor-pagination-position-outside elementor-widget elementor-widget-image-carousel\" data-id=\"9d82986\" data-element_type=\"widget\" data-settings=\"{&quot;slides_to_show&quot;:&quot;1&quot;,&quot;navigation&quot;:&quot;both&quot;,&quot;autoplay&quot;:&quot;yes&quot;,&quot;pause_on_hover&quot;:&quot;yes&quot;,&quot;pause_on_interaction&quot;:&quot;yes&quot;,&quot;autoplay_speed&quot;:5000,&quot;infinite&quot;:&quot;yes&quot;,&quot;effect&quot;:&quot;slide&quot;,&quot;speed&quot;:500}\" data-widget_type=\"image-carousel.default\">\n\t\t\t\t<div class=\"elementor-widget-container\">\n\t\t\t\t\t<div class=\"elementor-image-carousel-wrapper swiper-container\" dir=\"ltr\">\n\t\t\t<div class=\"elementor-image-carousel swiper-wrapper\">\n\t\t\t\t\t\t\t\t<div class=\"swiper-slide\"><figure class=\"swiper-slide-inner\"><img class=\"swiper-slide-image\" src=\"https:\/\/www.le-louis-12.fr\/wp-content\/uploads\/2025\/09\/Louis_XII_e\u0301te\u03012025_8p_Anglais.png\" alt=\"Louis_XII_e\u0301te\u03012025_8p_Anglais\" \/><\/figure><\/div><div class=\"swiper-slide\"><figure class=\"swiper-slide-inner\"><img class=\"swiper-slide-image\" src=\"https:\/\/www.le-louis-12.fr\/wp-content\/uploads\/2025\/09\/Louis_XII_e\u0301te\u03012025_8p_Anglais2.png\" alt=\"Louis_XII_e\u0301te\u03012025_8p_Anglais2\" \/><\/figure><\/div><div class=\"swiper-slide\"><figure class=\"swiper-slide-inner\"><img class=\"swiper-slide-image\" src=\"https:\/\/www.le-louis-12.fr\/wp-content\/uploads\/2025\/09\/Louis_XII_e\u0301te\u03012025_8p_Anglais3.png\" alt=\"Louis_XII_e\u0301te\u03012025_8p_Anglais3\" \/><\/figure><\/div><div class=\"swiper-slide\"><figure class=\"swiper-slide-inner\"><img class=\"swiper-slide-image\" src=\"https:\/\/www.le-louis-12.fr\/wp-content\/uploads\/2025\/09\/Louis_XII_e\u0301te\u03012025_8p_Anglais4.png\" alt=\"Louis_XII_e\u0301te\u03012025_8p_Anglais4\" \/><\/figure><\/div><div class=\"swiper-slide\"><figure class=\"swiper-slide-inner\"><img class=\"swiper-slide-image\" src=\"https:\/\/www.le-louis-12.fr\/wp-content\/uploads\/2025\/09\/Louis_XII_e\u0301te\u03012025_8p_Anglais5.png\" alt=\"Louis_XII_e\u0301te\u03012025_8p_Anglais5\" \/><\/figure><\/div><div class=\"swiper-slide\"><figure class=\"swiper-slide-inner\"><img class=\"swiper-slide-image\" src=\"https:\/\/www.le-louis-12.fr\/wp-content\/uploads\/2025\/09\/Louis_XII_e\u0301te\u03012025_8p_Anglais6.png\" alt=\"Louis_XII_e\u0301te\u03012025_8p_Anglais6\" \/><\/figure><\/div><div class=\"swiper-slide\"><figure class=\"swiper-slide-inner\"><img class=\"swiper-slide-image\" src=\"https:\/\/www.le-louis-12.fr\/wp-content\/uploads\/2025\/09\/Louis_XII_e\u0301te\u03012025_8p_Anglais7.png\" alt=\"Louis_XII_e\u0301te\u03012025_8p_Anglais7\" \/><\/figure><\/div><div class=\"swiper-slide\"><figure class=\"swiper-slide-inner\"><img class=\"swiper-slide-image\" src=\"https:\/\/www.le-louis-12.fr\/wp-content\/uploads\/2025\/09\/Louis_XII_e\u0301te\u03012025_8p_Anglais8.png\" alt=\"Louis_XII_e\u0301te\u03012025_8p_Anglais8\" \/><\/figure><\/div>\t\t\t<\/div>\n\t\t\t\t\t\t\t\t\t\t\t\t<div class=\"swiper-pagination\"><\/div>\n\t\t\t\t\t\t\t\t\t\t\t\t\t<div class=\"elementor-swiper-button elementor-swiper-button-prev\">\n\t\t\t\t\t\t<i class=\"eicon-chevron-left\" aria-hidden=\"true\"><\/i>\n\t\t\t\t\t\t<span class=\"elementor-screen-only\">Pr\u00e9c\u00e9dent<\/span>\n\t\t\t\t\t<\/div>\n\t\t\t\t\t<div class=\"elementor-swiper-button elementor-swiper-button-next\">\n\t\t\t\t\t\t<i class=\"eicon-chevron-right\" aria-hidden=\"true\"><\/i>\n\t\t\t\t\t\t<span class=\"elementor-screen-only\">Suivant<\/span>\n\t\t\t\t\t<\/div>\n\t\t\t\t\t\t\t\t\t<\/div>\n\t\t\t\t<\/div>\n\t\t\t\t<\/div>\n\t\t\t\t\t<\/div>\n\t\t<\/div>\n\t\t\t\t\t\t\t<\/div>\n\t\t<\/section>\n\t\t\t\t<\/div>\n\t\t<\/div>\n\t\t\t\t\t\t\t\t\t\t\t\t<\/div>\n\t\t\t\t\t\t\t\t\t<\/div>\n\t\t\t\t\t\t\t\t<\/section>\n\n\t\t\t\t\t\t\t\n\t\t\t\t\t\t\t\t<section id=\"section-tzoid-1-244494d\" class=\"premium-tabs-content-section\">\n\t\t\t\t\t\t\t\t\t<div class=\"premium-tab-content\">\n\t\t\t\t\t\t\t\t\t\t<div class=\"premium-content-wrap-inner\">\n\t\t\t\t\t\t\t\t\t\t\t<style>.elementor-578 .elementor-element.elementor-element-9d82986{--e-image-carousel-slides-to-show:1;}<\/style>\t\t<div data-elementor-type=\"section\" data-elementor-id=\"578\" class=\"elementor elementor-578\" data-elementor-settings=\"[]\">\n\t\t<div class=\"elementor-section-wrap\">\n\t\t\t\t\t<section class=\"elementor-section elementor-top-section elementor-element elementor-element-c9a7c1f elementor-section-boxed elementor-section-height-default elementor-section-height-default\" data-id=\"c9a7c1f\" data-element_type=\"section\">\n\t\t\t\t\t\t<div class=\"elementor-container elementor-column-gap-default\">\n\t\t\t\t\t<div class=\"elementor-column elementor-col-100 elementor-top-column elementor-element elementor-element-601f9b6\" data-id=\"601f9b6\" data-element_type=\"column\">\n\t\t\t<div class=\"elementor-widget-wrap elementor-element-populated\">\n\t\t\t\t\t\t\t\t<div class=\"elementor-element elementor-element-9d82986 elementor-arrows-position-inside elementor-pagination-position-outside elementor-widget elementor-widget-image-carousel\" data-id=\"9d82986\" data-element_type=\"widget\" data-settings=\"{&quot;slides_to_show&quot;:&quot;1&quot;,&quot;navigation&quot;:&quot;both&quot;,&quot;autoplay&quot;:&quot;yes&quot;,&quot;pause_on_hover&quot;:&quot;yes&quot;,&quot;pause_on_interaction&quot;:&quot;yes&quot;,&quot;autoplay_speed&quot;:5000,&quot;infinite&quot;:&quot;yes&quot;,&quot;effect&quot;:&quot;slide&quot;,&quot;speed&quot;:500}\" data-widget_type=\"image-carousel.default\">\n\t\t\t\t<div class=\"elementor-widget-container\">\n\t\t\t\t\t<div class=\"elementor-image-carousel-wrapper swiper-container\" dir=\"ltr\">\n\t\t\t<div class=\"elementor-image-carousel swiper-wrapper\">\n\t\t\t\t\t\t\t\t<div class=\"swiper-slide\"><figure class=\"swiper-slide-inner\"><img class=\"swiper-slide-image\" src=\"https:\/\/www.le-louis-12.fr\/wp-content\/uploads\/2025\/09\/Louis_XII_e\u0301te\u03012025_8p_Espagnol.png\" alt=\"Louis_XII_e\u0301te\u03012025_8p_Espagnol\" \/><\/figure><\/div><div class=\"swiper-slide\"><figure class=\"swiper-slide-inner\"><img class=\"swiper-slide-image\" src=\"https:\/\/www.le-louis-12.fr\/wp-content\/uploads\/2025\/09\/Louis_XII_e\u0301te\u03012025_8p_Espagnol2.png\" alt=\"Louis_XII_e\u0301te\u03012025_8p_Espagnol2\" \/><\/figure><\/div><div class=\"swiper-slide\"><figure class=\"swiper-slide-inner\"><img class=\"swiper-slide-image\" src=\"https:\/\/www.le-louis-12.fr\/wp-content\/uploads\/2025\/09\/Louis_XII_e\u0301te\u03012025_8p_Espagnol3.png\" alt=\"Louis_XII_e\u0301te\u03012025_8p_Espagnol3\" \/><\/figure><\/div><div class=\"swiper-slide\"><figure class=\"swiper-slide-inner\"><img class=\"swiper-slide-image\" src=\"https:\/\/www.le-louis-12.fr\/wp-content\/uploads\/2025\/09\/Louis_XII_e\u0301te\u03012025_8p_Espagnol4.png\" alt=\"Louis_XII_e\u0301te\u03012025_8p_Espagnol4\" \/><\/figure><\/div><div class=\"swiper-slide\"><figure class=\"swiper-slide-inner\"><img class=\"swiper-slide-image\" src=\"https:\/\/www.le-louis-12.fr\/wp-content\/uploads\/2025\/09\/Louis_XII_e\u0301te\u03012025_8p_Espagnol5.png\" alt=\"Louis_XII_e\u0301te\u03012025_8p_Espagnol5\" \/><\/figure><\/div><div class=\"swiper-slide\"><figure class=\"swiper-slide-inner\"><img class=\"swiper-slide-image\" src=\"https:\/\/www.le-louis-12.fr\/wp-content\/uploads\/2025\/09\/Louis_XII_e\u0301te\u03012025_8p_Espagnol6.png\" alt=\"Louis_XII_e\u0301te\u03012025_8p_Espagnol6\" \/><\/figure><\/div><div class=\"swiper-slide\"><figure class=\"swiper-slide-inner\"><img class=\"swiper-slide-image\" src=\"https:\/\/www.le-louis-12.fr\/wp-content\/uploads\/2025\/09\/Louis_XII_e\u0301te\u03012025_8p_Espagnol7.png\" alt=\"Louis_XII_e\u0301te\u03012025_8p_Espagnol7\" \/><\/figure><\/div><div class=\"swiper-slide\"><figure class=\"swiper-slide-inner\"><img class=\"swiper-slide-image\" src=\"https:\/\/www.le-louis-12.fr\/wp-content\/uploads\/2025\/09\/Louis_XII_e\u0301te\u03012025_8p_Espagnol8.png\" alt=\"Louis_XII_e\u0301te\u03012025_8p_Espagnol8\" \/><\/figure><\/div>\t\t\t<\/div>\n\t\t\t\t\t\t\t\t\t\t\t\t<div class=\"swiper-pagination\"><\/div>\n\t\t\t\t\t\t\t\t\t\t\t\t\t<div class=\"elementor-swiper-button elementor-swiper-button-prev\">\n\t\t\t\t\t\t<i class=\"eicon-chevron-left\" aria-hidden=\"true\"><\/i>\n\t\t\t\t\t\t<span class=\"elementor-screen-only\">Pr\u00e9c\u00e9dent<\/span>\n\t\t\t\t\t<\/div>\n\t\t\t\t\t<div class=\"elementor-swiper-button elementor-swiper-button-next\">\n\t\t\t\t\t\t<i class=\"eicon-chevron-right\" aria-hidden=\"true\"><\/i>\n\t\t\t\t\t\t<span class=\"elementor-screen-only\">Suivant<\/span>\n\t\t\t\t\t<\/div>\n\t\t\t\t\t\t\t\t\t<\/div>\n\t\t\t\t<\/div>\n\t\t\t\t<\/div>\n\t\t\t\t\t<\/div>\n\t\t<\/div>\n\t\t\t\t\t\t\t<\/div>\n\t\t<\/section>\n\t\t\t\t<\/div>\n\t\t<\/div>\n\t\t\t\t\t\t\t\t\t\t\t\t<\/div>\n\t\t\t\t\t\t\t\t\t<\/div>\n\t\t\t\t\t\t\t\t<\/section>\n\n\t\t\t\t\t\t\t\t\t\t\t\t\t<\/div>\n\n\t\t\t\t\t\t<div class=\"premium-clearfix\"><\/div>\n\t\t\t\t\t<\/div>\n\t\t\t\t<\/section>\n\t\t\t<\/div>\n\t\t\t\t<\/div>\n\t\t\t\t<\/div>\n\t\t\t\t\t<\/div>\n\t\t<\/div>\n\t\t\t\t\t\t\t<\/div>\n\t\t<\/section>\n\t\t\t\t\t\t<\/div>\n\t\t\t\t\t<\/div>\n\t\t","protected":false},"excerpt":{"rendered":"<p>English Espanol Pr\u00e9c\u00e9dent Suivant Pr\u00e9c\u00e9dent Suivant<\/p>\n","protected":false},"author":1,"featured_media":11,"parent":0,"menu_order":0,"comment_status":"closed","ping_status":"closed","template":"elementor_theme","meta":[],"_links":{"self":[{"href":"https:\/\/www.le-louis-12.fr\/index.php\/wp-json\/wp\/v2\/pages\/518"}],"collection":[{"href":"https:\/\/www.le-louis-12.fr\/index.php\/wp-json\/wp\/v2\/pages"}],"about":[{"href":"https:\/\/www.le-louis-12.fr\/index.php\/wp-json\/wp\/v2\/types\/page"}],"author":[{"embeddable":true,"href":"https:\/\/www.le-louis-12.fr\/index.php\/wp-json\/wp\/v2\/users\/1"}],"replies":[{"embeddable":true,"href":"https:\/\/www.le-louis-12.fr\/index.php\/wp-json\/wp\/v2\/comments?post=518"}],"version-history":[{"count":26,"href":"https:\/\/www.le-louis-12.fr\/index.php\/wp-json\/wp\/v2\/pages\/518\/revisions"}],"predecessor-version":[{"id":615,"href":"https:\/\/www.le-louis-12.fr\/index.php\/wp-json\/wp\/v2\/pages\/518\/revisions\/615"}],"wp:featuredmedia":[{"embeddable":true,"href":"https:\/\/www.le-louis-12.fr\/index.php\/wp-json\/wp\/v2\/media\/11"}],"wp:attachment":[{"href":"https:\/\/www.le-louis-12.fr\/index.php\/wp-json\/wp\/v2\/media?parent=518"}],"curies":[{"name":"wp","href":"https:\/\/api.w.org\/{rel}","templated":true}]}}